). Let n = s + 6. List the prime factors of n.
2, 13
Let a(g) be the third derivative of -g**4/6 - 4*g**3/3 + 3*g**2. What are the prime factors of a(-6)?
2
Let b(h) = -2*h**3 - h**2 - 4*h - 1. List the prime factors of b(-2).
19
Let c be (-33)/2 + (-8)/16. Let k = 23 + -31. Let b = k - c. What are the prime factors of b?
3
Let s be 1534/(-3 - -1) + 3. Let i be 3/15 + s/20. Let u = -19 - i. What are the prime factors of u?
19
Let i be 1/4*10*(-36)/(-30). Suppose -4*a + 229 = -0*g + 5*g, -i*g - 3*a = -138. What are the prime factors of g?
3, 5
Let a(j) = j**3 - 3*j**2 + 4. Let r be a(3). Suppose 4*p + r*p = 48. Suppose -p*s + 2*s = -92. List the prime factors of s.
23
Suppose 0 = -14*k - 9*k + 20792. What are the prime factors of k?
2, 113
Let d = 2238 - 1022. List the prime factors of d.
2, 19
Suppose 0 = -3*s + 2*r + 194, 2*s - 2 - 122 = 4*r. Let f = 70 - s. What are the prime factors of f?
2
Suppose -6*l + 30024 = 1518. List the prime factors of l.
4751
Suppose -5*c = 5*l + 20, 9 = -4*c - 5*l - 9. Let x(k) = 19*k**2 - 11*k - 2. What are the prime factors of x(c)?
2, 3
Let l = -1128 - -2652. List the prime factors of l.
2, 3, 127
Let i = -3 + 4. Let c(n) = i - 6*n + 5 + 17*n. What are the prime factors of c(3)?
3, 13
Suppose -2*r - 3*r + 879 = 4*u, 0 = u - 1. Let o = 27 + r. What are the prime factors of o?
2, 101
Let h be 8 + -9 - (2 - 14). Let o(g) = -5*g**2 + 13*g - 6. Let d(a) = 4*a**2 - 12*a + 6. Let j(l) = 4*d(l) + 3*o(l). What are the prime factors of j(h)?
2, 7
Let p(z) = -3*z - 6. Let r(o) = -o**2 - 4*o - 7. Let a(s) = 4*p(s) - 3*r(s). List the prime factors of a(3).
2, 3
List the prime factors of (2/(-6))/((-15)/53595) + -7.
2, 37
Let z = 0 + -1. Suppose 3*x = 3*t - 39, -5*x = 5*t - x - 56. Let b = t + z. List the prime factors of b.
11
Suppose 0 = 5*a - 1 + 6. Let s be -4 - a - (3 + -9). Suppose s*c - 50 = c. What are the prime factors of c?
5
Suppose -m + n = -55, -2*m + 5*n + 67 = -m. Suppose -2*l + v + m = 0, -3*l + 4*v = 2*l - 127. List the prime factors of l.
3
Suppose 0 = 16*g - 10*g - 2694. List the prime factors of g.
449
Let d = 19 - 50. Let p = d + 44. Let n = p - 5. What are the prime factors of n?
2
Let r = -283 + 305. List the prime factors of r.
2, 11
Let q(f) = f**3 + 13*f**2 - 15*f - 8. Let z be q(-14). Suppose z*g - 5*g - 59 = 0. List the prime factors of g.
59
Let c be 2/2 - (-4 + (-9)/(-3)). Suppose g + 36 = a, c*a + 0*g = g + 77. What are the prime factors of a?
41
Suppose 4*q = -4*n + q + 5, 0 = -5*n - q + 9. Let i be ((-150)/(-12))/(1/n). Let l = -6 + i. List the prime factors of l.
19
What are the prime factors of 2/(5/95*-2)*-23?
19, 23
Let y(c) = c**2 - 5*c + 12. Let s be y(-15). Suppose 17*u = 15*u + s. What are the prime factors of u?
2, 3, 13
Let h = -522 + 1608. List the prime factors of h.
2, 3, 181
Let i = 249 + -162. Let r(x) = 3*x - 25. Let f be r(10). Suppose -4*k + i + 48 = f*o, 5*k + 4*o = 171. List the prime factors of k.
5, 7
Let u(d) = d + 9. Let m be u(7). What are the prime factors of (-4 - 1)/((-18)/m - -1)?
2, 5
Suppose -126 - 278 = -4*h. Suppose 394 + h = 5*q. List the prime factors of q.
3, 11
Suppose 2*v = -3*d - 325, d - 341 = 4*d - 2*v. List the prime factors of 2/(6*(-1)/d).
37
Let i(h) = 49*h**2 + 12*h - 3. Let f be i(3). Suppose -o = 5*r - 1730, o - 128 = r - f. What are the prime factors of r?
2, 173
Suppose 3*a - 1161 = -3*z, -a - 112 + 494 = 2*z. Suppose -a = -10*k + 1498. List the prime factors of k.
3, 7
Let l be (-3)/9*(-3 + 3). Suppose l*i = i - 2. Suppose -i*y + 82 = -44. List the prime factors of y.
3, 7
Suppose 2*l = l + 2. Let q = 49 - l. List the prime factors of q.
47
Suppose -2*s - 4*s + 198 = 0. Suppose 2*p + 0*p - 12 = 0. Let q = s - p. List the prime factors of q.
3
Let q be 5/2 - (-5)/(-10). What are the prime factors of (4/4)/(q/94)?
47
Let f(g) = -20*g + 215. List the prime factors of f(-19).
5, 7, 17
Let i(k) = 3*k**2 + 10*k + 268. What are the prime factors of i(-14)?
2, 179
Let u(r) = -13*r + 102. What are the prime factors of u(-21)?
3, 5
Let f(s) = -s**2 - 13*s - 8. Let g be f(-12). Suppose i - g*i = -9. Suppose i*v - 8 = 49. What are the prime factors of v?
19
Let h(t) = 85*t**2 - 4*t + 3. List the prime factors of h(3).
2, 3, 7
Let m be 4/(-18) - (-114)/27. Suppose -m*k + 10 = -10. Suppose -k*h + 65 = -25. What are the prime factors of h?
2, 3
Let m = -231 + 478. Suppose -l - 5*b + 322 = 3*l, 3*l = -b + m. List the prime factors of l.
83
Let d(q) = q**3 + 5*q**2 - 3*q + 4. Let r be d(-5). What are the prime factors of 2*4/8*r*4?
2, 19
Let b(x) = x**2 + 11*x + 15. Let s be b(-11). Let w = s + -13. Suppose -3*k + 36 = -3*c, w*k - 3*c + 44 = 7*k. List the prime factors of k.
2, 5
Suppose 28 = 4*l - x - 4*x, 8 = -4*l - 4*x. Let b(o) = 2 - l*o**2 + 2 + o**3 + 4 - 6*o - 2. List the prime factors of b(5).
3, 17
Suppose 0 = -3*o + 8*o - 125. Suppose -29*d + o*d - 32 = 0. What are the prime factors of (-2210)/(-40) + (-6)/d?
2, 7
Let o be (-4 + -1)*3060/(-150). Let l = 125 - o. List the prime factors of l.
23
Suppose 0 = -4*m + z - 0*z + 16, 4*m - 16 = 2*z. Suppose 5*f - 171 = -4*i, -4*f + m*i + 132 = 6*i. List the prime factors of f.
31
Let s = 138 + -57. Suppose -5*f + 14 + s = 0. Suppose 0*d + 4*d = 3*q - f, -33 = -q - 4*d. What are the prime factors of q?
13
Let v(w) = 3*w - 7. Let j be v(4). Suppose -j*a = -a. Suppose 4*d + 54 - 214 = a. What are the prime factors of d?
2, 5
Suppose 0 = 5*z - 5*d - 7630, 1810 = 2*z - 4*d - 1244. What are the prime factors of z?
5, 61
Let c(z) = 881*z + 103. List the prime factors of c(4).
3, 13, 31
Let h = 47 + 7. Suppose -2*i = -0*i - h. What are the prime factors of i?
3
List the prime factors of -5*22*4/(-8).
5, 11
Let m = 3695 + -2967. What are the prime factors of m?
2, 7, 13
Let c = -1905 - -2790. Let j = -631 + c. What are the prime factors of j?
2, 127
Let q(r) = -8*r**2 + 264*r + 43. List the prime factors of q(32).
13, 23
Suppose 3*b - l - 85 = -3*l, -3*l = b - 40. Let m be (-9)/(-5) + 5/b. Suppose 60 = -m*s + 3*s. List the prime factors of s.
2, 3, 5
Let x(s) = -s**2 - 4*s + 1. Let n be x(-3). Suppose n*h - 3*h - 102 = 0. What are the prime factors of h?
2, 3, 17
Let t = 19 - -247. What are the prime factors of t?
2, 7, 19
Let h(t) = -13*t**2 + t + 45. Let r(l) = -7*l**2 + l + 22. Let q(k) = -4*h(k) + 7*r(k). List the prime factors of q(5).
2
Let m(k) = 9*k + 29. Let d be m(3). Suppose 0 = -3*j - 3, 2*j - d = 2*x - 704. What are the prime factors of x?
17, 19
Let w = -242 + 342. What are the prime factors of w?
2, 5
Let a(w) = 17*w**2 - 2*w - 4. Let r be a(-2). Let h = 127 - r. What are the prime factors of h?
59
Let j(n) = -24*n - 69. What are the prime factors of j(-19)?
3, 43
Suppose 2239 = 7*j - 1478. List the prime factors of j.
3, 59
Suppose 167825 = 18*f + 31*f. What are the prime factors of f?
5, 137
Suppose -4*v = -2*v + 2*d - 48, -4*d = 0. Let o be -1 + v + (-2 - -3). Suppose -3*p + 60 = -o. What are the prime factors of p?
2, 7
Suppose 1 = -q, 4*l + 4*q - 5 = 3. Suppose 5*d + 2*b - 90 = 0, 19 = -l*d - b + 73. List the prime factors of d.
2, 3
Let x = -16 - -21. Suppose -x*b = -b - 28. List the prime factors of b/((-14)/(-4)) - -12.
2, 7
Suppose -4*j + 5*h + 4387 = -10121, 0 = -5*h - 20. List the prime factors of j.
2, 1811
Let x(g) = -6*g - 3. Let q(k) = -11*k - 7. Let c(o) = 6*q(o) - 13*x(o). List the prime factors of c(2).
3, 7
Let x(m) = 8*m + 8. Let r be x(8). Let t = r + -140. Let i = 105 + t. What are the prime factors of i?
37
Suppose -3*z + 8*z = 5. Let u be -3 - (-3 - 0)*z. Suppose -5*b + 5*q + 345 = u, -3*q + 15 = -0. What are the prime factors of b?
2, 37
Let a(r) = 2*r**2 + 23*r - 132. List the prime factors of a(18).
2, 3, 5, 31
Suppose -5*p + 13967 = n + 2*n, 5*n = -3*p + 8393. What are the prime factors of p?
2791
Suppose -4*n - 5*c = -73, -4*c + 32 = n - 0. Let d(x) = 2*x**2 - 16*x - 20. What are the prime factors of d(n)?
2, 19
Let y(s) be the third derivative of s**4/24 - s**2. Let k = -554 + 562. What are the prime factors of y(k)?
2
Let q(z) = z**2 - 6*z + 49. Suppose -4*c = n - 32, 4*n - 8 = -c + 2*n. What are the prime factors of q(c)?
5, 13
Suppose -3*b = -14*b - 66. Let j(f) = -f**3 - 7*f**2 - 7*f + 9. List the prime factors of j(b).
3, 5
Suppose -12*w + 2*w + 1410 = 0. Let y